(o) = -2*o**3 + 4. Calculate the remainder when p(b) is divided by 3.
1
Suppose 5*h = -5*s + 555, 6 + 111 = h + 4*s. Suppose -5*p - 4*q + h = -7, 3*p - 3*q = 48. What is the remainder when 38 is divided by p?
18
Let z(u) = -u**3 + 19*u**2 - 16*u + 1. What is the remainder when z(18) is divided by 7?
2
Suppose -3*s + 18 + 13 = 5*y, 22 = 4*y + s. Suppose y*m - 2*m = -j + 11, -4*j - 2*m + 54 = 0. Calculate the remainder when j is divided by (-3 + -1)/((-3)/6).
6
Suppose -4*j = 3*w - 55, 0 = 3*j - 6*j - 6. What is the remainder when 83 is divided by w?
20
Suppose -5*r = 2*c - 27, 8*r - 4*r - 2*c - 36 = 0. What is the remainder when 9 is divided by r?
2
What is the remainder when 1/2 + (-657)/(-6) is divided by 38?
34
Let d = 43 - -10. Calculate the remainder when 209 is divided by d.
50
Suppose 0 = -5*v - 0*v + 170. Let i = 84 - 46. Let u = -26 + i. Calculate the remainder when v is divided by u.
10
Let n(i) = i**2 - i - 12. Let a be n(0). Let v = a - -17. Suppose -5*r = 20, 0 = -5*b + v*r + 91 - 26. What is the remainder when 25 is divided by b?
7
Suppose -4*t = n - 11, -5*t - 2*n + 16 = -0*n. Suppose -38 = -4*k + 2*d, 0 = -2*d + 3*d - 5. What is the remainder when (-51)/(t + (-7)/2) is divided by k?
10
Suppose w - 117 = -2*t, -8*w + 4*w = -5*t + 286. Suppose 0 = -s + 4*s - 36. What is the remainder when t is divided by s?
10
Suppose 0*d - 60 = -3*d. Let s = -34 - -20. Let n = d + s. What is the remainder when 22 is divided by n?
4
Let r = 1 - -6. Suppose 4*i + 32 = 2*w, 0 = 4*w - 2*i - r - 51. What is the remainder when w is divided by 8?
6
Let m = 5 + 1. Let c(k) be the second derivative of k**4/12 + k**3/3 - k**2/2 + 2*k. What is the remainder when c(m) is divided by 16?
15
Let r be (2/(-4))/(4/(-8)). Suppose -z = v - 47, -z = -5*v - 30 + r. Calculate the remainder when z is divided by 16.
12
Let y(u) = -12*u + 1. What is the remainder when 25 is divided by y(-1)?
12
Let l = 4 + 4. Suppose -4*x + 36 - l = 0. What is the remainder when 9/(54/12) + 18 is divided by x?
6
Suppose -4*h - 12 = -4*s - 36, 0 = h - 3*s - 8. Calculate the remainder when 14 is divided by h.
4
What is the remainder when ((-642)/(-9))/((-6)/(-9)) is divided by 27?
26
Let a(f) be the first derivative of -f**3/3 + 5*f**2 - 8*f - 1. Calculate the remainder when 25 is divided by a(7).
12
Suppose 10*j = 12*j - 178. Let p(i) = 22*i + 1. What is the remainder when j is divided by p(1)?
20
Suppose 8 = i + 3. Let q(t) = -t**3 + 4*t**2 + 6*t. Let w be q(i). Suppose 196 - 66 = w*a. What is the remainder when a is divided by 14?
12
Let n = -7 + 15. Calculate the remainder when n is divided by 3.
2
Suppose 26*c + 46 = 28*c. What is the remainder when 67 is divided by c?
21
Let f(g) = -g**2 + 3*g - 4. Let i be f(3). Let j be 18/i - 5/(-10). Let o = 6 + j. Calculate the remainder when 2 is divided by o.
0
Suppose -7 = -4*z - q - 1, -4*z - 5*q + 14 = 0. Let j(k) = -k**2 + 4*k + 2. Calculate the remainder when j(4) is divided by z.
0
Let r = -61 - -81. What is the remainder when 96 is divided by r?
16
Let w be 40/(-16)*4/5. Suppose 3*n + l = 3*l + 19, -5*n - 5*l + 15 = 0. What is the remainder when n is divided by -1 + 4 + (w - -1)?
1
Let j be (-2)/3*-1*-24. Let h = j + 146. Suppose 4*i = h + 50. What is the remainder when i is divided by 23?
22
Calculate the remainder when 27 is divided by 1/(-1) + 3 + 5.
6
Suppose -3*b + 14 - 2 = 0. Let t(j) = -j**2 + 8*j - 8. Let g be t(7). Let y = 8 + g. Calculate the remainder when y is divided by b.
3
Let s(w) = -2*w + 4. Let b be s(3). Let f = b - -26. What is the remainder when 47 is divided by f?
23
Let n = -21 - -30. Calculate the remainder when 25*1/((-1)/(-4 + 3)) is divided by n.
7
Suppose -3*g = -7*m + 3*m - 324, -5*g - 5*m + 575 = 0. What is the remainder when g is divided by 29?
25
Let l be 1 + 10 + 2 + -5. Let z(y) = -y**3 + 8*y**2 + 3*y - 11. What is the remainder when z(l) is divided by 4?
1
Let j be 316/((-2)/(-6)*3). Suppose -5*r + j + 129 = 0. Calculate the remainder when r is divided by 18.
17
What is the remainder when 15 is divided by -4 + 1/(3/45)?
4
Suppose -4*z = -16, -3*z = -4*k + k + 66. Calculate the remainder when k is divided by (-745)/(-50) + 1/10.
11
What is the remainder when 148 is divided by (-15)/(-1*3/6)?
28
Let t = 7 + -19. What is the remainder when 11/3*t/(-4) is divided by 3?
2
Let i(u) = -u**2 + 13*u + 15. Let w be i(14). Let k = 9 - w. Calculate the remainder when 28 is divided by k.
4
Let l(z) = -z**2 + 8*z + 9. Suppose 0 = 2*s - 2*k - 6, -k + 2 = s + 1. Suppose -16 = -s*v - 0*v. What is the remainder when l(v) is divided by 3?
0
Suppose t = 6*t - 150. Let v = 44 - t. Suppose 4*n + z - 120 = n, z - 160 = -4*n. Calculate the remainder when n is divided by v.
12
Let d = -8 + 14. Let t(n) = -n**3 + n**2 + n + 2. Suppose 0*b = -b. Calculate the remainder when d is divided by t(b).
0
Suppose -4*n = o - 5, 2*o - 2*n - n - 10 = 0. Suppose -o*l + 0*l = -125. Calculate the remainder when l is divided by 9.
7
Let g(n) = -n**3 - 5*n**2 + 4*n - 4. Let c be g(-7). Suppose 5*o - 25 = 5*u, -3*u - u = 2*o + 8. What is the remainder when (o/3)/(2/c) is divided by 8?
6
Let s(m) = 4*m - 8. Let y be s(6). Suppose -4 = 4*o + y. What is the remainder when 23 is divided by ((-13)/3)/(o/15)?
10
Let m = 43 - 36. Calculate the remainder when 20 is divided by m.
6
Suppose 0 = 4*x - 4*g - 60, 5*g + 0 = x - 3. Calculate the remainder when x is divided by 38/4 + (-2)/(-4).
8
Suppose -2*d - 2 = -4*s + 3*s, 3*d - 11 = -2*s. What is the remainder when (-7)/((-14)/(-8)) + 13 is divided by s?
1
Let i = 144 + -92. What is the remainder when i is divided by 7?
3
Suppose 0 = 4*b - 14 + 2. Suppose 5*s - b*s = 4. Suppose 0 = s*a - 25 + 1. Calculate the remainder when 23 is divided by a.
11
Let t be ((-4)/(-6))/((-1)/(-3)). Suppose -5*f = -68 - 42. What is the remainder when f is divided by 1*0/t - -12?
10
Let a be 6/(-3) - (1 + -1). Let y = 9 - a. What is the remainder when y is divided by 6?
5
Let y = 27 - 15. What is the remainder when 42 is divided by y?
6
Suppose 5*r + 3*l - 3 = -1, -4*r = 2*l. Calculate the remainder when (r + -6)*5/(-2) is divided by 7.
6
Let q(y) = -6*y - 5. Suppose 0 = -4*u - 5*c - 20, u + c + 5 = -0*c. Calculate the remainder when q(u) is divided by -6*6/4*-1.
7
Suppose -x + 12 = -4*w, x + 3*w - w = 0. Suppose -5*t + 481 = -j, -496 = -x*t + j - 112. What is the remainder when t is divided by 20?
17
Let w(k) = k**2 + 7*k + 8. Let y be w(-6). Suppose y*x + 15 = 5*o + 3, -o + 20 = 4*x. Suppose d + o = 11. What is the remainder when d is divided by 4?
3
Let b(s) = 9*s + 4. Let l be b(4). Suppose d - 30 = -k, -2*d + 0*k + 3*k = -l. Let g = 14 + -5. Calculate the remainder when d is divided by g.
8
Calculate the remainder when 68 is divided by ((-56)/(-6))/((-2)/(-3)).
12
Let y(h) = h**2 + 10. Calculate the remainder when 38 is divided by y(0).
8
Suppose 38 = -g + 101. Calculate the remainder when g is divided by 33.
30
Let v(k) = k + 43. Let w = 1 - 4. Let z = w - -3. What is the remainder when v(z) is divided by 15?
13
Let s be 2 - 332/(-4) - 1. Let g = s + -46. Calculate the remainder when g is divided by 10.
8
Suppose -2*v + 27 = -5. Let y(x) = 4*x**2 - 3*x - 6. Let d be y(5). Suppose d = 3*s - 59. Calculate the remainder when s is divided by v.
14
Let z(s) = 9*s - 8. Let c be z(10). Suppose -78 = -4*w + c. What is the remainder when w is divided by 54/4 - (-2)/4?
12
Let j(f) = -5*f + 8. Calculate the remainder when 83 is divided by j(-4).
27
Suppose 5*g - 3*b - 50 = -2*b, g + 4 = 3*b. Let q(o) = o**3 + 10*o**2 - 3*o - 11. What is the remainder when q(-10) is divided by g?
8
Let q = 44 + -79. Let z = q - -53. What is the remainder when 35 is divided by z?
17
Let y = -11 + 21. Suppose -3*c - 240 = -7*c. Let i = -32 + c. Calculate the remainder when i is divided by y.
8
Let w(n) = -31*n - 1. Let m be w(-1). Suppose -5*x + x + 20 = 0. Suppose m = x*s - 0*s. Calculate the remainder when 21 is divided by s.
3
Suppose 0 = -x, -5*x + 35 = -5*y - 6*x. Let m(f) = -4*f - 13. What is the remainder when 56 is divided by m(y)?
11
What is the remainder when 5*15/(-25) + 18 is divided by (-2)/2 - -5*1?
3
Let c(g) be the second derivative of g**4/6 - g**3/2 + g. Let x be c(-3). Let j = x - 15. Calculate the remainder when 23 is divided 